{"id":212,"date":"2024-04-13T16:27:02","date_gmt":"2024-04-13T16:27:02","guid":{"rendered":"https:\/\/dachbodenschaetze.de\/?page_id=212"},"modified":"2024-04-14T09:26:58","modified_gmt":"2024-04-14T08:26:58","slug":"die-schaetze-des-dachbodens","status":"publish","type":"page","link":"https:\/\/dachbodenschaetze.de\/?page_id=212","title":{"rendered":"Die Sch\u00e4tze des Dachbodens"},"content":{"rendered":"<div class=\"wp-block-image\">\n<figure class=\"alignleft size-full is-resized\"><img loading=\"lazy\" decoding=\"async\" width=\"147\" height=\"147\" src=\"https:\/\/dachbodenschaetze.de\/wp-content\/uploads\/2024\/04\/Textauszug-Jakob.jpg\" alt=\"\" class=\"wp-image-275\" style=\"width:50px;height:auto\"\/><\/figure><\/div>\n\n\n<p>Zu viel, um alles aufzubewahren, aber zu schade, um alles wegzuwerfen? Archivieren trennt die Spreu vom Weizen und l\u00e4sst Sie das Wichtige und Interessante schneller wiederfinden.&nbsp;<\/p>\n\n\n<div class=\"wp-block-image\">\n<figure class=\"alignleft size-full is-resized\"><img loading=\"lazy\" decoding=\"async\" width=\"147\" height=\"147\" src=\"https:\/\/dachbodenschaetze.de\/wp-content\/uploads\/2024\/04\/Textauszug-Jakob.jpg\" alt=\"\" class=\"wp-image-275\" style=\"width:50px;height:auto\"\/><\/figure><\/div>\n\n\n<p>Omas heimliche Liebesbriefe oder nur ein Rezept f\u00fcr Pflaumenkuchen? Ich entziffere alte Briefe und andere Texte aus altdeutscher Schrift f\u00fcr Sie! Nur 80 Cent pro Postkarte, 2 \u20ac pro Brief oder anderem Einzelblatt. Tageb\u00fccher etc. Verhandlungssache<\/p>\n","protected":false},"excerpt":{"rendered":"<p>Zu viel, um alles aufzubewahren, aber zu schade, um alles wegzuwerfen? Archivieren trennt die Spreu vom Weizen und l\u00e4sst Sie das Wichtige und Interessante schneller wiederfinden.&nbsp; Omas heimliche Liebesbriefe oder nur ein Rezept f\u00fcr Pflaumenkuchen? Ich entziffere alte Briefe und andere Texte aus altdeutscher Schrift f\u00fcr Sie! Nur 80 Cent pro Postkarte, 2 \u20ac pro [&hellip;]<\/p>\n","protected":false},"author":1,"featured_media":0,"parent":2,"menu_order":2,"comment_status":"closed","ping_status":"closed","template":"","meta":{"iawp_total_views":26,"footnotes":""},"_links":{"self":[{"href":"https:\/\/dachbodenschaetze.de\/index.php?rest_route=\/wp\/v2\/pages\/212"}],"collection":[{"href":"https:\/\/dachbodenschaetze.de\/index.php?rest_route=\/wp\/v2\/pages"}],"about":[{"href":"https:\/\/dachbodenschaetze.de\/index.php?rest_route=\/wp\/v2\/types\/page"}],"author":[{"embeddable":true,"href":"https:\/\/dachbodenschaetze.de\/index.php?rest_route=\/wp\/v2\/users\/1"}],"replies":[{"embeddable":true,"href":"https:\/\/dachbodenschaetze.de\/index.php?rest_route=%2Fwp%2Fv2%2Fcomments&post=212"}],"version-history":[{"count":3,"href":"https:\/\/dachbodenschaetze.de\/index.php?rest_route=\/wp\/v2\/pages\/212\/revisions"}],"predecessor-version":[{"id":276,"href":"https:\/\/dachbodenschaetze.de\/index.php?rest_route=\/wp\/v2\/pages\/212\/revisions\/276"}],"up":[{"embeddable":true,"href":"https:\/\/dachbodenschaetze.de\/index.php?rest_route=\/wp\/v2\/pages\/2"}],"wp:attachment":[{"href":"https:\/\/dachbodenschaetze.de\/index.php?rest_route=%2Fwp%2Fv2%2Fmedia&parent=212"}],"curies":[{"name":"wp","href":"https:\/\/api.w.org\/{rel}","templated":true}]}}